or of 192 and 3084?
12
What is the highest common divisor of 530 and 20?
10
Calculate the highest common factor of 220 and 40.
20
Calculate the highest common factor of 37 and 4181.
37
Calculate the greatest common factor of 72 and 56.
8
Calculate the greatest common factor of 16 and 1480.
8
What is the highest common divisor of 180 and 2196?
36
What is the greatest common divisor of 24 and 192?
24
What is the greatest common divisor of 528 and 1738?
22
What is the greatest common factor of 594 and 330?
66
Calculate the greatest common divisor of 12 and 8.
4
What is the greatest common divisor of 10332 and 123?
123
What is the highest common divisor of 23 and 1403?
23
Calculate the highest common factor of 27 and 30.
3
Calculate the highest common divisor of 16 and 1080.
8
Calculate the highest common factor of 1140 and 95.
95
Calculate the highest common factor of 27 and 513.
27
Calculate the highest common factor of 2139 and 3243.
69
Calculate the highest common divisor of 944 and 59.
59
What is the highest common divisor of 105887 and 19?
19
Calculate the highest common factor of 56 and 14.
14
Calculate the highest common factor of 153 and 255.
51
Calculate the highest common factor of 1305 and 405.
45
What is the highest common factor of 279 and 27?
9
Calculate the greatest common divisor of 441 and 98.
49
Calculate the highest common factor of 1363 and 94.
47
What is the highest common divisor of 94 and 1927?
47
What is the highest common divisor of 14 and 84?
14
Calculate the highest common factor of 333 and 612.
9
Calculate the greatest common factor of 36 and 612.
36
Calculate the greatest common divisor of 80 and 48.
16
What is the greatest common divisor of 4875 and 135?
15
What is the highest common divisor of 1710 and 435?
15
Calculate the greatest common factor of 388 and 300.
4
What is the greatest common divisor of 187 and 209?
11
What is the greatest common factor of 38 and 304?
38
Calculate the greatest common divisor of 114 and 5833.
19
Calculate the highest common divisor of 9 and 9.
9
What is the highest common factor of 987 and 893?
47
What is the highest common divisor of 117 and 63297?
117
Calculate the highest common divisor of 36 and 15.
3
Calculate the highest common factor of 46 and 253.
23
What is the greatest common factor of 35 and 245?
35
Calculate the greatest common factor of 48 and 3.
3
Calculate the greatest common factor of 120 and 1380.
60
Calculate the highest common factor of 24 and 21948.
12
Calculate the greatest common factor of 4 and 2732.
4
Calculate the highest common divisor of 200 and 25.
25
Calculate the highest common factor of 15 and 1224.
3
Calculate the greatest common factor of 282 and 66.
6
What is the highest common factor of 568 and 56?
8
Calculate the highest common factor of 777 and 42.
21
Calculate the highest common factor of 1075 and 43.
43
Calculate the greatest common divisor of 18 and 52560.
18
Calculate the greatest common factor of 256 and 4.
4
Calculate the highest common divisor of 162 and 222.
6
Calculate the greatest common factor of 2799 and 27.
9
Calculate the greatest common divisor of 29975 and 275.
275
Calculate the highest common divisor of 142 and 6.
2
What is the highest common factor of 16531 and 271?
271
What is the greatest common factor of 8 and 1936?
8
What is the greatest common factor of 209 and 165?
11
What is the highest common factor of 136 and 16?
8
What is the highest common factor of 693 and 1001?
77
What is the greatest common factor of 9 and 1539?
9
Calculate the greatest common divisor of 14 and 1610.
14
Calculate the greatest common factor of 603 and 102.
3
What is the highest common factor of 45 and 105?
15
What is the greatest common factor of 27 and 3267?
27
What is the highest common divisor of 10 and 410?
10
Calculate the greatest common factor of 221 and 1241.
17
Calculate the greatest common divisor of 240 and 864.
48
Calculate the highest common factor of 1363 and 94.
47
What is the highest common divisor of 84 and 10444?
28
What is the greatest common factor of 884 and 85?
17
Calculate the highest common factor of 15 and 2180.
5
What is the highest common factor of 3 and 393?
3
Calculate the greatest common divisor of 11036 and 267.
89
What is the greatest common divisor of 161 and 713?
23
Calculate the highest common divisor of 76 and 190.
38
What is the highest common divisor of 10 and 15830?
10
Calculate the highest common divisor of 78 and 1482.
78
What is the greatest common divisor of 1 and 5?
1
Calculate the greatest common divisor of 11522 and 14.
14
What is the highest common divisor of 4 and 36?
4
Calculate the greatest common factor of 391 and 3243.
23
Calculate the greatest common divisor of 44 and 66.
22
Calculate the greatest common factor of 738 and 164.
82
Calculate the highest common divisor of 10 and 1345.
5
What is the highest common divisor of 9 and 14967?
9
What is the greatest common divisor of 5 and 2530?
5
What is the greatest common factor of 27 and 210?
3
What is the highest common factor of 82 and 10?
2
What is the greatest common factor of 46 and 391?
23
What is the greatest common divisor of 134 and 335?
67
Calculate the highest common factor of 6 and 51.
3
What is the greatest common divisor of 54 and 27?
27
Calculate the greatest common divisor of 98 and 19.
1
Calculate the greatest common factor of 56 and 304.
8
What is the highest common factor of 13 and 1820?
13
Calculate the greatest common divisor of 62 and 37634.
62
Calculate the highest common factor of 12 and 15.
3
Calculate the highest common factor of 1656 and 10143.
207
What is the greatest common divisor of 506 and 92?
46
Calculate the greatest common divisor of 420 and 175.
35
Calculate the greatest common factor of 856 and 8.
8
What is the highest common factor of 158 and 11613?
79
What is the greatest common divisor of 15 and 1455?
15
Calculate the highest common divisor of 135 and 621.
27
Calculate the greatest common factor of 48 and 2904.
24
Calculate the highest common factor of 150 and 6.
6
Calculate the highest common factor of 177 and 2655.
177
Calculate the highest common divisor of 27 and 3.
3
Calculate the highest common factor of 12 and 96.
12
Calculate the highest common divisor of 258 and 18963.
129
What is the greatest common factor of 30 and 110?
10
Calculate the greatest common factor of 806 and 234.
26
What is the greatest common factor of 120 and 70?
10
What is the greatest common divisor of 1300 and 5?
5
Calculate the highest common divisor of 36 and 60.
12
What is the highest common factor of 247 and 13?
13
Calculate the highest common divisor of 219 and 15987.
219
Calculate the highest common divisor of 42 and 1806.
42
Calculate the greatest common divisor of 184 and 40.
8
What is the greatest common factor of 30 and 17790?
30
Calculate the greatest common divisor of 4 and 104.
4
What is the highest common factor of 1328 and 32?
16
Calculate the highest common divisor of 13 and 221.
13
What is the greatest common factor of 92 and 24?
4
Calculate the highest common factor of 16 and 688.
16
What is the highest common factor of 25140 and 60?
60
Calculate the greatest common factor of 66 and 24618.
66
What is the highest common factor of 1166 and 212?
106
What is the highest common divisor of 6 and 138?
6
Calculate the greatest common divisor of 51 and 544.
17
What is the highest common factor of 33 and 759?
33
What is the greatest common divisor of 532 and 228?
76
What is the greatest common factor of 10 and 206?
2
Calculate the highest common factor of 81 and 378.
27
What is the greatest common factor of 42 and 450?
6
Calculate the highest common factor of 618 and 186.
6
Calculate the greatest common factor of 108 and 270.
54
What is the greatest common factor of 25531 and 22?
11
What is the highest common divisor of 1152 and 18?
18
Calculate the greatest common factor of 5120 and 1216.
64
Calculate the greatest common factor of 150 and 2450.
50
What is the highest common factor of 12 and 348?
12
Calculate the greatest common divisor of 344 and 602.
86
What is the greatest common factor of 441 and 99?
9
What is the highest common factor of 952 and 357?
119
What is the greatest common factor of 10362 and 264?
66
Calculate t